ided by o.
0
Suppose 2*f - 5*t + 45 = 7*f, -2*f = -3*t - 28. Suppose 3*c = 2*w - 4*w + 13, -4*w = 2*c + 2. What is the remainder when f is divided by c?
4
Let y = 41 - 30. Calculate the remainder when y is divided by -2 - -4 - (-6 - -1).
4
Let w = 40 + -10. Suppose -2*i + 5*b + 27 = 0, 4*b - 40 = -3*i + 12. What is the remainder when w is divided by i?
14
Let x(j) = 2*j**2 - 3*j + 6. Calculate the remainder when 34 is divided by x(3).
4
Suppose 5*a - 4*b - 48 = 47, -3*b + 15 = 0. Calculate the remainder when 66 is divided by a.
20
Suppose -7*y = -6*y - 5. Suppose -y*q + 2*d + 50 = d, q - 31 = -4*d. Calculate the remainder when 32 is divided by q.
10
Let q(r) = -r**3 - 6*r**2 - r - 2. Let i be q(-5). What is the remainder when (-1184)/i - 4/(-22) is divided by 19?
16
Let p be -1 - 3/(-3) - -1. Calculate the remainder when 4 is divided by ((-9)/(-6))/(p/2).
1
Suppose -166 = -3*h - 67. Let m = h + -23. Calculate the remainder when m is divided by 6.
4
Let w be (4/(-3))/((-4)/6). Suppose -2*p = -6*p + 4*d + 56, -d + 34 = w*p. Calculate the remainder when 63 is divided by p.
15
Suppose -5*k = 4*i - 49, -2*i - 3*i + 4*k + 51 = 0. Calculate the remainder when 19 is divided by i.
8
Let w(h) = -3*h**2 + 2*h + 1. Let r be w(-3). Suppose 5*p - 36 + 11 = 0. Calculate the remainder when (-4)/(r/18)*4 is divided by p.
4
Let v = 1 - -63. Suppose -10*k = -187 - 33. Calculate the remainder when v is divided by k.
20
Let i = 66 - 49. Suppose -4 = -4*d - 4*q, 0 = -5*d - q + 3*q + 40. What is the remainder when i is divided by d?
5
What is the remainder when 1/((-1)/(-22)) + (-38)/(-19) is divided by 9?
6
Suppose 0 = 3*o - 110 - 52. Calculate the remainder when o is divided by 19.
16
Let i = -15 - -21. Suppose 4*r - 12 = 0, 3*b + i = -4*r + 57. Calculate the remainder when 24 is divided by b.
11
Let r = -47 + 56. Calculate the remainder when 15 is divided by r.
6
Calculate the remainder when 8/36 - (0 - 518/18) is divided by 15.
14
Let w = -55 + 78. Suppose 0 = -3*a + z + 8 + 6, 3*a + 5*z = -16. Suppose -a*k + 5*k = 16. Calculate the remainder when w is divided by k.
7
What is the remainder when -10*(-2)/5*2 is divided by 2?
0
Let z(a) = a + 12. What is the remainder when 22 is divided by z(-6)?
4
Suppose 5*r - 14 = 2*f, -2*f - r = -3*f - 10. Let i = f - -23. Calculate the remainder when 31 is divided by i.
9
Let x = 109 + -59. Suppose 4*o - x = 38. Let a = 21 + -13. Calculate the remainder when o is divided by a.
6
Suppose 5*q = 2*u - 18, 4*q = -0*q. Let v(a) = a - 2*a**2 + 2*a**2 + 6*a + u + a**2. What is the remainder when 8 is divided by v(-6)?
2
Let l(g) be the second derivative of -g**5/20 - 5*g**4/12 - g**3/2 - 5*g**2/2 + g. Suppose 5*v + 11 = 106. What is the remainder when v is divided by l(-5)?
9
Let b be (-748)/(-16) - 9/12. Let f = b - 27. Calculate the remainder when 73 is divided by f.
16
Let b = 2 - -3. What is the remainder when 7 is divided by b?
2
Suppose -5*z = -2*z - 3. Suppose h + 5*n - 16 = -z, -n = -2. Calculate the remainder when 7 is divided by h.
2
Let x = 14 - 8. Suppose 5*n - 91 = -x. Let c(g) = 6*g**2. Calculate the remainder when n is divided by c(-1).
5
Let v(h) = h**3 + 6*h**2 + h + 7. Suppose 5*g - 2*x = -18, 3*x + 15 = -3*g - 0*g. Let w = -2 - g. Calculate the remainder when w is divided by v(-6).
0
Let i = 12 + 2. Suppose 5*n - i = -2*a + 9, -5*a = -4*n + 25. Calculate the remainder when 4/(-2)*9/(-2) is divided by n.
4
Let w(v) = 104*v**2 - v. What is the remainder when w(-1) is divided by 18?
15
Let o(h) = 3*h - 1. Let z(w) = w - 1. Let k(p) = -4*o(p) + 7*z(p). Calculate the remainder when k(-5) is divided by 12.
10
Let j(l) = 3*l - 4. Suppose 5*g = 5 + 15. Calculate the remainder when j(g) is divided by 3.
2
Suppose 0 = 3*a - 0*a - 330. Calculate the remainder when a is divided by 28.
26
Let c = -24 - 7. Let g = 70 + c. Let k = 45 - 25. What is the remainder when g is divided by k?
19
Suppose 62 = 8*v - 66. Calculate the remainder when 22 is divided by v.
6
Let n = 8 + -5. Suppose -2*v + 2*w = -n*v - 36, 0 = -4*v + w - 153. What is the remainder when 2/4 + v/(-4) is divided by 6?
4
Suppose 0 = 5*s - 5, -2*i - 2*s + 12 = -16. What is the remainder when i is divided by 5?
3
Let y(o) = o**2 - 10*o + 11. Suppose -3*n - 4*r + 3 + 7 = 0, -3*n + 5 = -r. Let v be 5*(2 + n + -2). What is the remainder when 32 is divided by y(v)?
10
Suppose 0 - 5 = -5*g. Suppose -3 = 5*l + 4*j, 1 + 0 = 5*l + 2*j. Calculate the remainder when g is divided by l.
0
Suppose -2*d = 6 + 2. Let o(w) = w**2 + 5*w - 1. Let p be o(d). Calculate the remainder when 21 is divided by 1 - (-2 + p) - -3.
10
Suppose 11*v - 7*v - 124 = 0. What is the remainder when 121 is divided by v?
28
Let y = -26 - -64. What is the remainder when 73 is divided by y?
35
Let a(h) = 3*h**2 - 2*h - 7. Let y be a(4). Calculate the remainder when y/1*(-7)/(-7) is divided by 9.
6
Suppose 0 = -0*b - 5*b - 20. Let o = b + 9. What is the remainder when 14 is divided by o?
4
Suppose -3*j = -2*c - 26, j + 3 = -0*j + 3*c. Calculate the remainder when 23 is divided by j.
11
Let x(o) = o**3 + 5*o**2 + 2*o. Let i be x(-3). Let l = i - 8. What is the remainder when 13 is divided by (1/1)/(1/l)?
1
Let h be (0 + (-2)/(-6))*-3. Let c = -4 - h. What is the remainder when (3/2)/(c/(-4)) is divided by 1?
0
Suppose 12 = 3*n + d, 0*n = -3*n - 4*d + 3. What is the remainder when 62 is divided by n?
2
What is the remainder when 71 is divided by (-150)/(-9) + (-4)/(-3)?
17
Let d = -57 - -86. Calculate the remainder when d is divided by 114/8 - (-36)/48.
14
Let j be -7 + (0/(-1) - -4). Let x(c) = c**3 + 3*c**2 - c + 1. Calculate the remainder when x(j) is divided by 2.
0
Let g = -164 + 246. Calculate the remainder when g is divided by 21.
19
Let l(o) = 33*o**2 - 3*o + 3*o - o. Let n be l(-1). What is the remainder when 28 is divided by -2 - n/(-2)*1?
13
Calculate the remainder when ((-1)/(-2))/(5/(-3430)*-1) is divided by 69.
67
Let o(p) = p**3 - 6*p**2 + 6*p - 7. Calculate the remainder when o(6) is divided by 10.
9
Let n(o) = o**3 + 5*o**2 - 8*o + 1. Let i be 3 + -2 - (1 - -6). Let v be n(i). Let h = v + -6. What is the remainder when 12 is divided by h?
5
Let q = -20 - -13. Let z(p) = -2*p + 3. Calculate the remainder when z(q) is divided by 9/(((-9)/6)/(-1)).
5
Let q = -10 + 21. Suppose 4*k + x = -34 + 165, 172 = 5*k + 4*x. What is the remainder when k is divided by q?
10
Let i(r) = 2*r**2 - r - 1. Let y(k) = 3*k**2 + 15*k - 3. What is the remainder when y(-7) is divided by i(-3)?
19
Let m = 192 + -135. Suppose 5*q = 3*v - 9, 5*v - m = -2*q - 11. Calculate the remainder when 23 is divided by v.
7
Let x(k) = -k + 4. Let o(c) = 3*c - 13. Let s(r) = -2*o(r) - 7*x(r). Let u be s(4). What is the remainder when -70*((-1)/1)/u is divided by 12?
11
Suppose 88 + 0 = 11*l. What is the remainder when 69 is divided by l?
5
Suppose -3*h + 92 = 5. Suppose h - 225 = -4*y. What is the remainder when y is divided by 17?
15
Let z(i) = -i**2 - 7*i - 2. Calculate the remainder when 14 is divided by z(-5).
6
Suppose -9*w = -55 - 98. Calculate the remainder when 113 is divided by w.
11
Suppose -4*p + 103 = -5. Let h = 46 - p. Calculate the remainder when h is divided by 11.
8
Suppose 5*m - 16 = 19. Let j be (-2)/m - 69/(-21). Suppose -4*h = -c - j*c + 12, 3*h = 4*c - 13. What is the remainder when 2 is divided by h?
0
Let a(o) = 2*o + 1. Let w be a(1). Suppose -46 = 5*h - 166. Suppose h = 5*q - w*q. What is the remainder when 21 is divided by q?
9
What is the remainder when 6 is divided by (33/22)/(2/4)?
0
Calculate the remainder when (-4)/((-4)/2) + (13 - 9) is divided by 1.
0
Let l(f) = -f - 4. Calculate the remainder when 10 is divided by l(-8).
2
Suppose -3*h + 7 = -71. Suppose y = -q - q + h, -3*q + 4*y + 61 = 0. What is the remainder when q is divided by 9 + (-1 - (1 - 1))?
7
Let o = -31 + 42. What is the remainder when 29 is divided by o?
7
Suppose 31 = -q + 3*q - 3*o, 5*o = 2*q - 41. Let r = -33 + 56. What is the remainder when r is divided by q?
7
Let f be -1 - (-17 + (-3 - -7)). Suppose -f = -5*t + t. What is the remainder when 8 is divided by t?
2
Let j = 14 - 4. What is the remainder when 27 is divided by j?
7
Suppose 12 = 3*x, -p - 3*x + 122 = 4*p. Calculate the remainder when 63 is divided by p.
19
Let p be -6